n 4855 is divided by 366.
97
Calculate the remainder when 2412967 is divided by 8.
7
What is the remainder when 800426 is divided by 596?
594
What is the remainder when 13456 is divided by 385?
366
What is the remainder when 6870 is divided by 979?
17
Calculate the remainder when 469038 is divided by 31269.
3
Calculate the remainder when 28486 is divided by 9440.
166
What is the remainder when 2294 is divided by 1983?
311
Calculate the remainder when 6426691 is divided by 91.
89
Calculate the remainder when 16729 is divided by 7.
6
What is the remainder when 4088 is divided by 431?
209
Calculate the remainder when 66382 is divided by 18.
16
What is the remainder when 702163 is divided by 41?
38
Calculate the remainder when 182628 is divided by 37.
33
What is the remainder when 1593 is divided by 1026?
567
Calculate the remainder when 277763 is divided by 19839.
17
What is the remainder when 10239 is divided by 99?
42
Calculate the remainder when 28485 is divided by 1780.
5
What is the remainder when 395671 is divided by 95?
91
What is the remainder when 58314 is divided by 535?
534
Calculate the remainder when 747549 is divided by 32.
29
Calculate the remainder when 76069 is divided by 208.
149
What is the remainder when 27053 is divided by 220?
213
Calculate the remainder when 2693 is divided by 627.
185
Calculate the remainder when 1211655 is divided by 21.
18
What is the remainder when 29749 is divided by 9852?
193
What is the remainder when 10270 is divided by 4672?
926
Calculate the remainder when 6663 is divided by 15.
3
Calculate the remainder when 353303 is divided by 56.
55
What is the remainder when 368 is divided by 144?
80
What is the remainder when 5967 is divided by 545?
517
What is the remainder when 80630 is divided by 55?
0
Calculate the remainder when 10362 is divided by 27.
21
What is the remainder when 65246 is divided by 9299?
153
Calculate the remainder when 4139 is divided by 61.
52
What is the remainder when 69102 is divided by 3839?
0
What is the remainder when 10951 is divided by 72?
7
Calculate the remainder when 36189 is divided by 58.
55
What is the remainder when 28610 is divided by 699?
650
What is the remainder when 6187 is divided by 85?
67
What is the remainder when 8070 is divided by 213?
189
Calculate the remainder when 7587 is divided by 1517.
2
What is the remainder when 10152 is divided by 5075?
2
Calculate the remainder when 36602 is divided by 815.
742
What is the remainder when 4776 is divided by 1265?
981
Calculate the remainder when 13114 is divided by 19.
4
What is the remainder when 708 is divided by 349?
10
What is the remainder when 2709 is divided by 264?
69
Calculate the remainder when 126341 is divided by 42110.
11
Calculate the remainder when 2105 is divided by 525.
5
What is the remainder when 2129 is divided by 2125?
4
Calculate the remainder when 39305 is divided by 39238.
67
What is the remainder when 7189 is divided by 232?
229
Calculate the remainder when 14430 is divided by 82.
80
Calculate the remainder when 25413 is divided by 19.
10
Calculate the remainder when 178 is divided by 147.
31
Calculate the remainder when 16007 is divided by 178.
165
What is the remainder when 20315 is divided by 515?
230
What is the remainder when 4777 is divided by 696?
601
What is the remainder when 28208 is divided by 297?
290
What is the remainder when 16124 is divided by 3910?
484
What is the remainder when 20486 is divided by 94?
88
What is the remainder when 2371 is divided by 1085?
201
Calculate the remainder when 417804 is divided by 11937.
9
What is the remainder when 165427 is divided by 5169?
19
Calculate the remainder when 48957 is divided by 6.
3
Calculate the remainder when 9734 is divided by 572.
10
What is the remainder when 40929 is divided by 372?
9
Calculate the remainder when 4525 is divided by 1508.
1
Calculate the remainder when 2082 is divided by 364.
262
Calculate the remainder when 100154 is divided by 991.
63
Calculate the remainder when 1503 is divided by 30.
3
Calculate the remainder when 47298 is divided by 340.
38
Calculate the remainder when 25067 is divided by 109.
106
Calculate the remainder when 639 is divided by 352.
287
What is the remainder when 134615 is divided by 57?
38
Calculate the remainder when 1539 is divided by 1447.
92
Calculate the remainder when 110177 is divided by 419.
399
Calculate the remainder when 230209 is divided by 134.
131
Calculate the remainder when 995 is divided by 187.
60
Calculate the remainder when 23532 is divided by 7842.
6
What is the remainder when 45537 is divided by 132?
129
What is the remainder when 183 is divided by 35?
8
What is the remainder when 1043462 is divided by 184?
182
What is the remainder when 55329 is divided by 162?
87
Calculate the remainder when 384167 is divided by 10.
7
Calculate the remainder when 10476 is divided by 3461.
93
What is the remainder when 28623 is divided by 156?
75
What is the remainder when 4455358 is divided by 85?
83
Calculate the remainder when 1356 is divided by 363.
267
Calculate the remainder when 42484 is divided by 95.
19
What is the remainder when 6891 is divided by 194?
101
What is the remainder when 214583 is divided by 71526?
5
What is the remainder when 32222 is divided by 89?
4
Calculate the remainder when 2217 is divided by 2182.
35
What is the remainder when 4179 is divided by 75?
54
What is the remainder when 75355 is divided by 105?
70
Calculate the remainder when 4622 is divided by 55.
2
What is the remainder when 549078 is divided by 74?
72
What is the remainder when 1587 is divided by 537?
513
Calculate the remainder when 80182 is divided by 12.
10
Calculate the remainder when 62220 is divided by 73.
24
What is the remainder when 107876 is divided by 233?
230
Calculate the remainder when 4465 is divided by 491.
46
What is the remainder when 114570 is divided by 378?
36
Calculate the remainder when 8811 is divided by 1461.
45
What is the remainder when 16305 is divided by 626?
29
Calculate the remainder when 5919 is divided by 37.
36
What is the remainder when 13243 is divided by 602?
601
What is the remainder when 13984 is divided by 41?
3
Calculate the remainder when 74989 is divided by 815.
9
Calculate the remainder when 158856 is divided by 1638.
1608
What is the remainder when 5387925 is divided by 168?
165
Calculate the remainder when 4507 is divided by 658.
559
What is the remainder when 278281 is divided by 55653?
16
Calculate the remainder when 1627 is divided by 107.
22
Calculate the remainder when 4088 is divided by 293.
279
Calculate the remainder when 2783 is divided by 258.
203
Calculate the remainder when 24662 is divided by 440.
22
Calculate the remainder when 45439 is divided by 175.
114
What is the remainder when 17238 is divided by 2464?
2454
Calculate the remainder when 11461 is divided by 4566.
2329
What is the remainder when 6702 is divided by 163?
19
Calculate the remainder when 22841 is divided by 787.
18
What is the remainder when 119637 is divided by 6?
3
Calculate the remainder when 161320 is divided by 69.
67
What is the remainder when 421 is divided by 212?
209
Calculate the remainder when 83884 is divided by 98.
94
What is the remainder when 233334 is divided by 13?
10
Calculate the remainder when 4681 is divided by 109.
103
Calculate the remainder when 150328 is divided by 864.
856
What is the remainder when 654212 is divided by 7882?
6
Calculate the remainder when 1718819 is divided by 36.
35
What is the remainder when 10082 is divided by 50?
32
Calculate the remainder when 1395 is divided by 10.
5
Calculate the remainder when 641 is divided by 150.
41
What is the remainder when 3050 is divided by 752?
42
What is the remainder when 138620 is divided by 39?
14
What is the remainder when 10300 is divided by 1502?
1288
Calculate the remainder when 319000 is divided by 159489.
22
Calculate the remainder when 5008 is divided by 4550.
458
Calculate the remainder when 25090 is divided by 5011.
35
What is the remainder when 7378 is divided by 101?
5
Calculate the remainder when 1609 is divided by 69.
22
Calculate the remainder when 17943 is divided by 406.
79
Calculate the remainder when 107401 is divided by 274.
267
Calculate the remainder when 74